{"id":9582,"date":"2020-12-29T09:36:06","date_gmt":"2020-12-29T09:36:06","guid":{"rendered":"http:\/\/www.icip.cat\/seminars\/violencias-en-america-latina-causas-consecuencias-y-oportunidades-de-construccion-de-paz\/"},"modified":"2021-02-01T08:46:31","modified_gmt":"2021-02-01T08:46:31","slug":"violencias-en-america-latina-causas-consecuencias-y-oportunidades-de-construccion-de-paz","status":"publish","type":"icip_seminar","link":"https:\/\/www.icip.cat\/es\/seminarios\/violencias-en-america-latina-causas-consecuencias-y-oportunidades-de-construccion-de-paz\/","title":{"rendered":"Viol\u00e8ncia(s) en Am\u00e9rica Latina; causas, consecuencias y oportunidades de construcci\u00f3n de paz"},"content":{"rendered":"\n<p>El seminario Violencia(s) en Am\u00e9rica Latina; causas, consecuencias y oportunidades de construcci\u00f3n de paz se centr\u00f3 en analizar la naturaleza, causas y consecuencias de las m\u00faltiples violencias estructurales que afectan particularmente a la regi\u00f3n de Am\u00e9rica Latina m\u00e1s all\u00e1 de las din\u00e1micas de los conflictos armados.<\/p>\n\n\n\n<p>El seminario se inici\u00f3 con la conferencia inaugural <em>Violencias no convencionales: entender las causas y contextualizar el fen\u00f3meno<\/em>, a cargo de Luis Jorge Garay, economista experto en el caso colombiano. La siguieron tres mesas redondas que profundizaron en la naturaleza y las consecuencias de las nuevas violencias, las respuestas y las pol\u00edticas para hacerles frente, y las estrategias de construcci\u00f3n de paz. Cada sesi\u00f3n cont\u00f3 con expertos internacionales de los \u00e1mbitos acad\u00e9mico, period\u00edstico, de la investigaci\u00f3n y de las ONG.<\/p>\n\n\n\n<figure class=\"wp-block-embed-youtube wp-block-embed is-type-video is-provider-youtube wp-embed-aspect-16-9 wp-has-aspect-ratio\"><div class=\"wp-block-embed__wrapper\">\n<iframe title=\"Seminari &quot;Viol\u00e8ncia(es) a l&#039;Am\u00e8rica Llatina&quot;\" width=\"640\" height=\"360\" src=\"https:\/\/www.youtube.com\/embed\/videoseries?list=PLnRJUy9WU-3Aiy3LyHrTCFq2Tv2JfNbiw\" frameborder=\"0\" allow=\"accelerometer; autoplay; clipboard-write; encrypted-media; gyroscope; picture-in-picture; web-share\" referrerpolicy=\"strict-origin-when-cross-origin\" allowfullscreen><\/iframe>\n<\/div><\/figure>\n","protected":false},"featured_media":14331,"template":"","class_list":["post-9582","icip_seminar","type-icip_seminar","status-publish","has-post-thumbnail","hentry"],"acf":[],"yoast_head":"<!-- This site is optimized with the Yoast SEO plugin v25.6 - https:\/\/yoast.com\/wordpress\/plugins\/seo\/ -->\n<title>Viol\u00e8ncia(s) en Am\u00e9rica Latina; causas, consecuencias y oportunidades de construcci\u00f3n de paz - ICIP<\/title>\n<meta name=\"robots\" content=\"index, follow, max-snippet:-1, max-image-preview:large, max-video-preview:-1\" \/>\n<link rel=\"canonical\" href=\"https:\/\/www.icip.cat\/es\/seminarios\/violencias-en-america-latina-causas-consecuencias-y-oportunidades-de-construccion-de-paz\/\" \/>\n<meta property=\"og:locale\" content=\"es_ES\" \/>\n<meta property=\"og:type\" content=\"article\" \/>\n<meta property=\"og:title\" content=\"Viol\u00e8ncia(s) en Am\u00e9rica Latina; causas, consecuencias y oportunidades de construcci\u00f3n de paz - ICIP\" \/>\n<meta property=\"og:description\" content=\"El seminario Violencia(s) en Am\u00e9rica Latina; causas, consecuencias y oportunidades de construcci\u00f3n de paz se centr\u00f3 en analizar la naturaleza, causas y consecuencias de las m\u00faltiples violencias estructurales que afectan particularmente a la regi\u00f3n de Am\u00e9rica Latina m\u00e1s all\u00e1 de las din\u00e1micas de los conflictos armados. El seminario se inici\u00f3 con la conferencia inaugural Violencias [&hellip;]\" \/>\n<meta property=\"og:url\" content=\"https:\/\/www.icip.cat\/es\/seminarios\/violencias-en-america-latina-causas-consecuencias-y-oportunidades-de-construccion-de-paz\/\" \/>\n<meta property=\"og:site_name\" content=\"ICIP\" \/>\n<meta property=\"article:modified_time\" content=\"2021-02-01T08:46:31+00:00\" \/>\n<meta property=\"og:image\" content=\"https:\/\/www.icip.cat\/wp-content\/uploads\/2020\/11\/seminaris11.jpg\" \/>\n\t<meta property=\"og:image:width\" content=\"560\" \/>\n\t<meta property=\"og:image:height\" content=\"420\" \/>\n\t<meta property=\"og:image:type\" content=\"image\/jpeg\" \/>\n<meta name=\"twitter:card\" content=\"summary_large_image\" \/>\n<meta name=\"twitter:label1\" content=\"Tiempo de lectura\" \/>\n\t<meta name=\"twitter:data1\" content=\"1 minuto\" \/>\n<script type=\"application\/ld+json\" class=\"yoast-schema-graph\">{\"@context\":\"https:\/\/schema.org\",\"@graph\":[{\"@type\":\"WebPage\",\"@id\":\"https:\/\/www.icip.cat\/es\/seminarios\/violencias-en-america-latina-causas-consecuencias-y-oportunidades-de-construccion-de-paz\/\",\"url\":\"https:\/\/www.icip.cat\/es\/seminarios\/violencias-en-america-latina-causas-consecuencias-y-oportunidades-de-construccion-de-paz\/\",\"name\":\"Viol\u00e8ncia(s) en Am\u00e9rica Latina; causas, consecuencias y oportunidades de construcci\u00f3n de paz - ICIP\",\"isPartOf\":{\"@id\":\"https:\/\/www.icip.cat\/ca\/#website\"},\"primaryImageOfPage\":{\"@id\":\"https:\/\/www.icip.cat\/es\/seminarios\/violencias-en-america-latina-causas-consecuencias-y-oportunidades-de-construccion-de-paz\/#primaryimage\"},\"image\":{\"@id\":\"https:\/\/www.icip.cat\/es\/seminarios\/violencias-en-america-latina-causas-consecuencias-y-oportunidades-de-construccion-de-paz\/#primaryimage\"},\"thumbnailUrl\":\"https:\/\/www.icip.cat\/wp-content\/uploads\/2020\/11\/seminaris11.jpg\",\"datePublished\":\"2020-12-29T09:36:06+00:00\",\"dateModified\":\"2021-02-01T08:46:31+00:00\",\"inLanguage\":\"es\",\"potentialAction\":[{\"@type\":\"ReadAction\",\"target\":[\"https:\/\/www.icip.cat\/es\/seminarios\/violencias-en-america-latina-causas-consecuencias-y-oportunidades-de-construccion-de-paz\/\"]}]},{\"@type\":\"ImageObject\",\"inLanguage\":\"es\",\"@id\":\"https:\/\/www.icip.cat\/es\/seminarios\/violencias-en-america-latina-causas-consecuencias-y-oportunidades-de-construccion-de-paz\/#primaryimage\",\"url\":\"https:\/\/www.icip.cat\/wp-content\/uploads\/2020\/11\/seminaris11.jpg\",\"contentUrl\":\"https:\/\/www.icip.cat\/wp-content\/uploads\/2020\/11\/seminaris11.jpg\",\"width\":560,\"height\":420},{\"@type\":\"WebSite\",\"@id\":\"https:\/\/www.icip.cat\/ca\/#website\",\"url\":\"https:\/\/www.icip.cat\/ca\/\",\"name\":\"ICIP\",\"description\":\"\",\"publisher\":{\"@id\":\"https:\/\/www.icip.cat\/ca\/#organization\"},\"potentialAction\":[{\"@type\":\"SearchAction\",\"target\":{\"@type\":\"EntryPoint\",\"urlTemplate\":\"https:\/\/www.icip.cat\/ca\/?s={search_term_string}\"},\"query-input\":{\"@type\":\"PropertyValueSpecification\",\"valueRequired\":true,\"valueName\":\"search_term_string\"}}],\"inLanguage\":\"es\"},{\"@type\":\"Organization\",\"@id\":\"https:\/\/www.icip.cat\/ca\/#organization\",\"name\":\"ICIP\",\"url\":\"https:\/\/www.icip.cat\/ca\/\",\"logo\":{\"@type\":\"ImageObject\",\"inLanguage\":\"es\",\"@id\":\"https:\/\/www.icip.cat\/ca\/#\/schema\/logo\/image\/\",\"url\":\"https:\/\/www.icip.cat\/wp-content\/uploads\/2021\/02\/logo-2.png\",\"contentUrl\":\"https:\/\/www.icip.cat\/wp-content\/uploads\/2021\/02\/logo-2.png\",\"width\":562,\"height\":391,\"caption\":\"ICIP\"},\"image\":{\"@id\":\"https:\/\/www.icip.cat\/ca\/#\/schema\/logo\/image\/\"}}]}<\/script>\n<!-- \/ Yoast SEO plugin. -->","yoast_head_json":{"title":"Viol\u00e8ncia(s) en Am\u00e9rica Latina; causas, consecuencias y oportunidades de construcci\u00f3n de paz - ICIP","robots":{"index":"index","follow":"follow","max-snippet":"max-snippet:-1","max-image-preview":"max-image-preview:large","max-video-preview":"max-video-preview:-1"},"canonical":"https:\/\/www.icip.cat\/es\/seminarios\/violencias-en-america-latina-causas-consecuencias-y-oportunidades-de-construccion-de-paz\/","og_locale":"es_ES","og_type":"article","og_title":"Viol\u00e8ncia(s) en Am\u00e9rica Latina; causas, consecuencias y oportunidades de construcci\u00f3n de paz - ICIP","og_description":"El seminario Violencia(s) en Am\u00e9rica Latina; causas, consecuencias y oportunidades de construcci\u00f3n de paz se centr\u00f3 en analizar la naturaleza, causas y consecuencias de las m\u00faltiples violencias estructurales que afectan particularmente a la regi\u00f3n de Am\u00e9rica Latina m\u00e1s all\u00e1 de las din\u00e1micas de los conflictos armados. El seminario se inici\u00f3 con la conferencia inaugural Violencias [&hellip;]","og_url":"https:\/\/www.icip.cat\/es\/seminarios\/violencias-en-america-latina-causas-consecuencias-y-oportunidades-de-construccion-de-paz\/","og_site_name":"ICIP","article_modified_time":"2021-02-01T08:46:31+00:00","og_image":[{"width":560,"height":420,"url":"https:\/\/www.icip.cat\/wp-content\/uploads\/2020\/11\/seminaris11.jpg","type":"image\/jpeg"}],"twitter_card":"summary_large_image","twitter_misc":{"Tiempo de lectura":"1 minuto"},"schema":{"@context":"https:\/\/schema.org","@graph":[{"@type":"WebPage","@id":"https:\/\/www.icip.cat\/es\/seminarios\/violencias-en-america-latina-causas-consecuencias-y-oportunidades-de-construccion-de-paz\/","url":"https:\/\/www.icip.cat\/es\/seminarios\/violencias-en-america-latina-causas-consecuencias-y-oportunidades-de-construccion-de-paz\/","name":"Viol\u00e8ncia(s) en Am\u00e9rica Latina; causas, consecuencias y oportunidades de construcci\u00f3n de paz - ICIP","isPartOf":{"@id":"https:\/\/www.icip.cat\/ca\/#website"},"primaryImageOfPage":{"@id":"https:\/\/www.icip.cat\/es\/seminarios\/violencias-en-america-latina-causas-consecuencias-y-oportunidades-de-construccion-de-paz\/#primaryimage"},"image":{"@id":"https:\/\/www.icip.cat\/es\/seminarios\/violencias-en-america-latina-causas-consecuencias-y-oportunidades-de-construccion-de-paz\/#primaryimage"},"thumbnailUrl":"https:\/\/www.icip.cat\/wp-content\/uploads\/2020\/11\/seminaris11.jpg","datePublished":"2020-12-29T09:36:06+00:00","dateModified":"2021-02-01T08:46:31+00:00","inLanguage":"es","potentialAction":[{"@type":"ReadAction","target":["https:\/\/www.icip.cat\/es\/seminarios\/violencias-en-america-latina-causas-consecuencias-y-oportunidades-de-construccion-de-paz\/"]}]},{"@type":"ImageObject","inLanguage":"es","@id":"https:\/\/www.icip.cat\/es\/seminarios\/violencias-en-america-latina-causas-consecuencias-y-oportunidades-de-construccion-de-paz\/#primaryimage","url":"https:\/\/www.icip.cat\/wp-content\/uploads\/2020\/11\/seminaris11.jpg","contentUrl":"https:\/\/www.icip.cat\/wp-content\/uploads\/2020\/11\/seminaris11.jpg","width":560,"height":420},{"@type":"WebSite","@id":"https:\/\/www.icip.cat\/ca\/#website","url":"https:\/\/www.icip.cat\/ca\/","name":"ICIP","description":"","publisher":{"@id":"https:\/\/www.icip.cat\/ca\/#organization"},"potentialAction":[{"@type":"SearchAction","target":{"@type":"EntryPoint","urlTemplate":"https:\/\/www.icip.cat\/ca\/?s={search_term_string}"},"query-input":{"@type":"PropertyValueSpecification","valueRequired":true,"valueName":"search_term_string"}}],"inLanguage":"es"},{"@type":"Organization","@id":"https:\/\/www.icip.cat\/ca\/#organization","name":"ICIP","url":"https:\/\/www.icip.cat\/ca\/","logo":{"@type":"ImageObject","inLanguage":"es","@id":"https:\/\/www.icip.cat\/ca\/#\/schema\/logo\/image\/","url":"https:\/\/www.icip.cat\/wp-content\/uploads\/2021\/02\/logo-2.png","contentUrl":"https:\/\/www.icip.cat\/wp-content\/uploads\/2021\/02\/logo-2.png","width":562,"height":391,"caption":"ICIP"},"image":{"@id":"https:\/\/www.icip.cat\/ca\/#\/schema\/logo\/image\/"}}]}},"_links":{"self":[{"href":"https:\/\/www.icip.cat\/es\/wp-json\/wp\/v2\/icip_seminar\/9582","targetHints":{"allow":["GET"]}}],"collection":[{"href":"https:\/\/www.icip.cat\/es\/wp-json\/wp\/v2\/icip_seminar"}],"about":[{"href":"https:\/\/www.icip.cat\/es\/wp-json\/wp\/v2\/types\/icip_seminar"}],"version-history":[{"count":4,"href":"https:\/\/www.icip.cat\/es\/wp-json\/wp\/v2\/icip_seminar\/9582\/revisions"}],"predecessor-version":[{"id":15331,"href":"https:\/\/www.icip.cat\/es\/wp-json\/wp\/v2\/icip_seminar\/9582\/revisions\/15331"}],"wp:featuredmedia":[{"embeddable":true,"href":"https:\/\/www.icip.cat\/es\/wp-json\/wp\/v2\/media\/14331"}],"wp:attachment":[{"href":"https:\/\/www.icip.cat\/es\/wp-json\/wp\/v2\/media?parent=9582"}],"curies":[{"name":"wp","href":"https:\/\/api.w.org\/{rel}","templated":true}]}}

Violència(s) en América Latina; causas, consecuencias y oportunidades de construcción de paz

<p>El seminario Violencia(s) en América Latina; causas, consecuencias y oportunidades de construcción de paz se centró en analizar la naturaleza, causas y consecuencias de las múltiples violencias estructurales que afectan particularmente a la región de América Latina más allá de las dinámicas de los conflictos armados.</p>



<p>El seminario se inició con la conferencia inaugural <em>Violencias no convencionales: entender las causas y contextualizar el fenómeno</em>, a cargo de Luis Jorge Garay, economista experto en el caso colombiano. La siguieron tres mesas redondas que profundizaron en la naturaleza y las consecuencias de las nuevas violencias, las respuestas y las políticas para hacerles frente, y las estrategias de construcción de paz. Cada sesión contó con expertos internacionales de los ámbitos académico, periodístico, de la investigación y de las ONG.</p>



<figure class="wp-block-embed-youtube wp-block-embed is-type-video is-provider-youtube wp-embed-aspect-16-9 wp-has-aspect-ratio"><div class="wp-block-embed__wrapper">
<iframe title="Seminari &quot;Violència(es) a l&#039;Amèrica Llatina&quot;" width="640" height="360" src="https://www.youtube.com/embed/videoseries?list=PLnRJUy9WU-3Aiy3LyHrTCFq2Tv2JfNbiw" frameborder="0" allow="accelerometer; autoplay; clipboard-write; encrypted-media; gyroscope; picture-in-picture; web-share" referrerpolicy="strict-origin-when-cross-origin" allowfullscreen></iframe>
</div></figure>

<!-- This site is optimized with the Yoast SEO plugin v25.6 - https://yoast.com/wordpress/plugins/seo/ -->
<title>Violència(s) en América Latina; causas, consecuencias y oportunidades de construcción de paz - ICIP</title>
<meta name="robots" content="index, follow, max-snippet:-1, max-image-preview:large, max-video-preview:-1" />
<link rel="canonical" href="https://www.icip.cat/es/seminarios/violencias-en-america-latina-causas-consecuencias-y-oportunidades-de-construccion-de-paz/" />
<meta property="og:locale" content="es_ES" />
<meta property="og:type" content="article" />
<meta property="og:title" content="Violència(s) en América Latina; causas, consecuencias y oportunidades de construcción de paz - ICIP" />
<meta property="og:description" content="El seminario Violencia(s) en América Latina; causas, consecuencias y oportunidades de construcción de paz se centró en analizar la naturaleza, causas y consecuencias de las múltiples violencias estructurales que afectan particularmente a la región de América Latina más allá de las dinámicas de los conflictos armados. El seminario se inició con la conferencia inaugural Violencias [&hellip;]" />
<meta property="og:url" content="https://www.icip.cat/es/seminarios/violencias-en-america-latina-causas-consecuencias-y-oportunidades-de-construccion-de-paz/" />
<meta property="og:site_name" content="ICIP" />
<meta property="article:modified_time" content="2021-02-01T08:46:31+00:00" />
<meta property="og:image" content="https://www.icip.cat/wp-content/uploads/2020/11/seminaris11.jpg" />
	<meta property="og:image:width" content="560" />
	<meta property="og:image:height" content="420" />
	<meta property="og:image:type" content="image/jpeg" />
<meta name="twitter:card" content="summary_large_image" />
<meta name="twitter:label1" content="Tiempo de lectura" />
	<meta name="twitter:data1" content="1 minuto" />
<script type="application/ld+json" class="yoast-schema-graph">{"@context":"https://schema.org","@graph":[{"@type":"WebPage","@id":"https://www.icip.cat/es/seminarios/violencias-en-america-latina-causas-consecuencias-y-oportunidades-de-construccion-de-paz/","url":"https://www.icip.cat/es/seminarios/violencias-en-america-latina-causas-consecuencias-y-oportunidades-de-construccion-de-paz/","name":"Violència(s) en América Latina; causas, consecuencias y oportunidades de construcción de paz - ICIP","isPartOf":{"@id":"https://www.icip.cat/ca/#website"},"primaryImageOfPage":{"@id":"https://www.icip.cat/es/seminarios/violencias-en-america-latina-causas-consecuencias-y-oportunidades-de-construccion-de-paz/#primaryimage"},"image":{"@id":"https://www.icip.cat/es/seminarios/violencias-en-america-latina-causas-consecuencias-y-oportunidades-de-construccion-de-paz/#primaryimage"},"thumbnailUrl":"https://www.icip.cat/wp-content/uploads/2020/11/seminaris11.jpg","datePublished":"2020-12-29T09:36:06+00:00","dateModified":"2021-02-01T08:46:31+00:00","inLanguage":"es","potentialAction":[{"@type":"ReadAction","target":["https://www.icip.cat/es/seminarios/violencias-en-america-latina-causas-consecuencias-y-oportunidades-de-construccion-de-paz/"]}]},{"@type":"ImageObject","inLanguage":"es","@id":"https://www.icip.cat/es/seminarios/violencias-en-america-latina-causas-consecuencias-y-oportunidades-de-construccion-de-paz/#primaryimage","url":"https://www.icip.cat/wp-content/uploads/2020/11/seminaris11.jpg","contentUrl":"https://www.icip.cat/wp-content/uploads/2020/11/seminaris11.jpg","width":560,"height":420},{"@type":"WebSite","@id":"https://www.icip.cat/ca/#website","url":"https://www.icip.cat/ca/","name":"ICIP","description":"","publisher":{"@id":"https://www.icip.cat/ca/#organization"},"potentialAction":[{"@type":"SearchAction","target":{"@type":"EntryPoint","urlTemplate":"https://www.icip.cat/ca/?s={search_term_string}"},"query-input":{"@type":"PropertyValueSpecification","valueRequired":true,"valueName":"search_term_string"}}],"inLanguage":"es"},{"@type":"Organization","@id":"https://www.icip.cat/ca/#organization","name":"ICIP","url":"https://www.icip.cat/ca/","logo":{"@type":"ImageObject","inLanguage":"es","@id":"https://www.icip.cat/ca/#/schema/logo/image/","url":"https://www.icip.cat/wp-content/uploads/2021/02/logo-2.png","contentUrl":"https://www.icip.cat/wp-content/uploads/2021/02/logo-2.png","width":562,"height":391,"caption":"ICIP"},"image":{"@id":"https://www.icip.cat/ca/#/schema/logo/image/"}}]}</script>
<!-- / Yoast SEO plugin. -->

Violència(s) en América Latina; causas, consecuencias y oportunidades de construcción de paz - ICIP

El seminario Violencia(s) en América Latina; causas, consecuencias y oportunidades de construcción de paz se centró en analizar la naturaleza, causas y consecuencias de las múltiples violencias estructurales que afectan particularmente a la región de América Latina más allá de las dinámicas de los conflictos armados. El seminario se inició con la conferencia inaugural Violencias [&hellip;]
