{"version":"1.0","provider_name":"Revista Por la Paz","provider_url":"https:\/\/www.icip.cat\/perlapau\/es\/","author_name":"whads","author_url":"https:\/\/www.icip.cat\/perlapau\/es\/author\/whads\/","title":"La agenda de Desarme, Desmovilizaci\u00f3n, Reintegraci\u00f3n - Revista Por la Paz","type":"rich","width":600,"height":338,"html":"<blockquote class=\"wp-embedded-content\" data-secret=\"t9XZA9fCQd\"><a href=\"https:\/\/www.icip.cat\/perlapau\/es\/articulo\/la-agenda-de-desarme-desmovilizacion-reintegracion\/\">La agenda de Desarme, Desmovilizaci\u00f3n, Reintegraci\u00f3n<\/a><\/blockquote><iframe sandbox=\"allow-scripts\" security=\"restricted\" src=\"https:\/\/www.icip.cat\/perlapau\/es\/articulo\/la-agenda-de-desarme-desmovilizacion-reintegracion\/embed\/#?secret=t9XZA9fCQd\" width=\"600\" height=\"338\" title=\"\u00abLa agenda de Desarme, Desmovilizaci\u00f3n, Reintegraci\u00f3n\u00bb \u2014 Revista Por la Paz\" data-secret=\"t9XZA9fCQd\" frameborder=\"0\" marginwidth=\"0\" marginheight=\"0\" scrolling=\"no\" class=\"wp-embedded-content\"><\/iframe><script type=\"text\/javascript\">\n\/* <![CDATA[ *\/\n\/*! This file is auto-generated *\/\n!function(d,l){\"use strict\";l.querySelector&&d.addEventListener&&\"undefined\"!=typeof URL&&(d.wp=d.wp||{},d.wp.receiveEmbedMessage||(d.wp.receiveEmbedMessage=function(e){var t=e.data;if((t||t.secret||t.message||t.value)&&!\/[^a-zA-Z0-9]\/.test(t.secret)){for(var s,r,n,a=l.querySelectorAll('iframe[data-secret=\"'+t.secret+'\"]'),o=l.querySelectorAll('blockquote[data-secret=\"'+t.secret+'\"]'),c=new RegExp(\"^https?:$\",\"i\"),i=0;i<o.length;i++)o[i].style.display=\"none\";for(i=0;i<a.length;i++)s=a[i],e.source===s.contentWindow&&(s.removeAttribute(\"style\"),\"height\"===t.message?(1e3<(r=parseInt(t.value,10))?r=1e3:~~r<200&&(r=200),s.height=r):\"link\"===t.message&&(r=new URL(s.getAttribute(\"src\")),n=new URL(t.value),c.test(n.protocol))&&n.host===r.host&&l.activeElement===s&&(d.top.location.href=t.value))}},d.addEventListener(\"message\",d.wp.receiveEmbedMessage,!1),l.addEventListener(\"DOMContentLoaded\",function(){for(var e,t,s=l.querySelectorAll(\"iframe.wp-embedded-content\"),r=0;r<s.length;r++)(t=(e=s[r]).getAttribute(\"data-secret\"))||(t=Math.random().toString(36).substring(2,12),e.src+=\"#?secret=\"+t,e.setAttribute(\"data-secret\",t)),e.contentWindow.postMessage({message:\"ready\",secret:t},\"*\")},!1)))}(window,document);\n\/* ]]> *\/\n<\/script>\n","thumbnail_url":"https:\/\/www.icip.cat\/perlapau\/wp-content\/uploads\/2022\/04\/article_central_2_2560-9-518x720.jpg","thumbnail_width":518,"thumbnail_height":720,"description":"El 20 de octubre de 2011 ETA anunci\u00f3 el \u201ccese definitivo de su actividad armada\u201d. Respond\u00eda de esta forma al llamamiento hecho por l\u00edderes internacionales, como el exsecretario general de la ONU Kofi Annan, dado a conocer tres d\u00edas antes en la Conferencia de San Sebasti\u00e1n. La denominada Declaraci\u00f3n de Aiete ped\u00eda a ETA el [&hellip;]"}

La agenda de Desarme, Desmovilización, Reintegración - Revista Por la Paz

<blockquote class="wp-embedded-content" data-secret="t9XZA9fCQd"><a href="https://www.icip.cat/perlapau/es/articulo/la-agenda-de-desarme-desmovilizacion-reintegracion/">La agenda de Desarme, Desmovilización, Reintegración</a></blockquote><iframe sandbox="allow-scripts" security="restricted" src="https://www.icip.cat/perlapau/es/articulo/la-agenda-de-desarme-desmovilizacion-reintegracion/embed/#?secret=t9XZA9fCQd" width="600" height="338" title="«La agenda de Desarme, Desmovilización, Reintegración» — Revista Por la Paz" data-secret="t9XZA9fCQd" frameborder="0" marginwidth="0" marginheight="0" scrolling="no" class="wp-embedded-content"></iframe><script type="text/javascript">
/* <![CDATA[ */
/*! This file is auto-generated */
!function(d,l){"use strict";l.querySelector&&d.addEventListener&&"undefined"!=typeof URL&&(d.wp=d.wp||{},d.wp.receiveEmbedMessage||(d.wp.receiveEmbedMessage=function(e){var t=e.data;if((t||t.secret||t.message||t.value)&&!/[^a-zA-Z0-9]/.test(t.secret)){for(var s,r,n,a=l.querySelectorAll('iframe[data-secret="'+t.secret+'"]'),o=l.querySelectorAll('blockquote[data-secret="'+t.secret+'"]'),c=new RegExp("^https?:$","i"),i=0;i<o.length;i++)o[i].style.display="none";for(i=0;i<a.length;i++)s=a[i],e.source===s.contentWindow&&(s.removeAttribute("style"),"height"===t.message?(1e3<(r=parseInt(t.value,10))?r=1e3:~~r<200&&(r=200),s.height=r):"link"===t.message&&(r=new URL(s.getAttribute("src")),n=new URL(t.value),c.test(n.protocol))&&n.host===r.host&&l.activeElement===s&&(d.top.location.href=t.value))}},d.addEventListener("message",d.wp.receiveEmbedMessage,!1),l.addEventListener("DOMContentLoaded",function(){for(var e,t,s=l.querySelectorAll("iframe.wp-embedded-content"),r=0;r<s.length;r++)(t=(e=s[r]).getAttribute("data-secret"))||(t=Math.random().toString(36).substring(2,12),e.src+="#?secret="+t,e.setAttribute("data-secret",t)),e.contentWindow.postMessage({message:"ready",secret:t},"*")},!1)))}(window,document);
/* ]]> */
</script>

El 20 de octubre de 2011 ETA anunció el “cese definitivo de su actividad armada”. Respondía de esta forma al llamamiento hecho por líderes internacionales, como el exsecretario general de la ONU Kofi Annan, dado a conocer tres días antes en la Conferencia de San Sebastián. La denominada Declaración de Aiete pedía a ETA el [&hellip;]
