{"version":"1.0","provider_name":"Revista Per la Pau","provider_url":"https:\/\/www.icip.cat\/perlapau","author_name":"Eugenia","author_url":"https:\/\/www.icip.cat\/perlapau\/author\/eugenia\/","title":"Entrevista a Christof Heyns, relator especial de les Nacions Unides - Revista Per la Pau","type":"rich","width":600,"height":338,"html":"<blockquote class=\"wp-embedded-content\" data-secret=\"EXda7EL1jD\"><a href=\"https:\/\/www.icip.cat\/perlapau\/article\/christof-heyns-relator-especial-de-les-nacions-unides\/\">Entrevista a Christof Heyns, relator especial de les Nacions Unides<\/a><\/blockquote><iframe sandbox=\"allow-scripts\" security=\"restricted\" src=\"https:\/\/www.icip.cat\/perlapau\/article\/christof-heyns-relator-especial-de-les-nacions-unides\/embed\/#?secret=EXda7EL1jD\" width=\"600\" height=\"338\" title=\"&#8220;Entrevista a Christof Heyns, relator especial de les Nacions Unides&#8221; &#8212; Revista Per la Pau\" data-secret=\"EXda7EL1jD\" frameborder=\"0\" marginwidth=\"0\" marginheight=\"0\" scrolling=\"no\" class=\"wp-embedded-content\"><\/iframe><script type=\"text\/javascript\">\n\/* <![CDATA[ *\/\n\/*! This file is auto-generated *\/\n!function(d,l){\"use strict\";l.querySelector&&d.addEventListener&&\"undefined\"!=typeof URL&&(d.wp=d.wp||{},d.wp.receiveEmbedMessage||(d.wp.receiveEmbedMessage=function(e){var t=e.data;if((t||t.secret||t.message||t.value)&&!\/[^a-zA-Z0-9]\/.test(t.secret)){for(var s,r,n,a=l.querySelectorAll('iframe[data-secret=\"'+t.secret+'\"]'),o=l.querySelectorAll('blockquote[data-secret=\"'+t.secret+'\"]'),c=new RegExp(\"^https?:$\",\"i\"),i=0;i<o.length;i++)o[i].style.display=\"none\";for(i=0;i<a.length;i++)s=a[i],e.source===s.contentWindow&&(s.removeAttribute(\"style\"),\"height\"===t.message?(1e3<(r=parseInt(t.value,10))?r=1e3:~~r<200&&(r=200),s.height=r):\"link\"===t.message&&(r=new URL(s.getAttribute(\"src\")),n=new URL(t.value),c.test(n.protocol))&&n.host===r.host&&l.activeElement===s&&(d.top.location.href=t.value))}},d.addEventListener(\"message\",d.wp.receiveEmbedMessage,!1),l.addEventListener(\"DOMContentLoaded\",function(){for(var e,t,s=l.querySelectorAll(\"iframe.wp-embedded-content\"),r=0;r<s.length;r++)(t=(e=s[r]).getAttribute(\"data-secret\"))||(t=Math.random().toString(36).substring(2,12),e.src+=\"#?secret=\"+t,e.setAttribute(\"data-secret\",t)),e.contentWindow.postMessage({message:\"ready\",secret:t},\"*\")},!1)))}(window,document);\n\/* ]]> *\/\n<\/script>\n","thumbnail_url":"https:\/\/www.icip.cat\/perlapau\/wp-content\/uploads\/2022\/04\/entrevista_2560-518x720.jpg","thumbnail_width":518,"thumbnail_height":720,"description":"Christof Heyns, relator especial de les Nacions Unides sobre les execucions extrajudicials, sum\u00e0ries i arbitr\u00e0ries i catedr\u00e0tic de Dret Internacional dels Drets Humans a la Universitat de Pret\u00f2ria. Com a expert que treballa a les Nacions Unides, Christof Heyns ha manifestat moltes vegades la seva preocupaci\u00f3 pel nombre creixent d&#8217;atacs amb drones en pa\u00efsos com [&hellip;]"}

Christof Heyns, relator especial de les Nacions Unides sobre les execucions extrajudicials, sumàries i arbitràries i catedràtic de Dret Internacional dels Drets Humans a la Universitat de Pretòria. Com a expert que treballa a les Nacions Unides, Christof Heyns ha manifestat moltes vegades la seva preocupació pel nombre creixent d&#8217;atacs amb drones en països com [&hellip;]
